termine r(x).
13
Let z(x) = -x + 6. Suppose -5*m + 4 = -3*g + 1, -m + 15 = 3*g. Let d(t) = -t**2 + 3*t + 2. Let b be d(g). Let f be (1 + b)/(6/(-30)). Give z(f).
1
Let n(o) = -o**3 + 4 - 19*o**2 - 73*o + 11*o**2 + 22*o + 24*o + 21*o. Let j be -2*(-1 + (-9)/(-2)). Determine n(j).
-3
Let n(b) = 23*b - 8. Let s(o) = 50*o - 17. Let l(i) = 13*n(i) - 6*s(i). What is l(2)?
-4
Let g(w) = -38*w - 36. Let u(y) = 11*y + 12. Let c(f) = -2*g(f) - 7*u(f). What is c(-6)?
-6
Let w(l) = 4*l. Let q(d) = -d**2 - d - 1. Let c(r) = q(r) - w(r). Let f be (-106 + 105)/((-2)/(-12)). What is c(f)?
-7
Let l(b) = 2 + 2*b + 4*b - 1 - 5*b. Let r be (18/(-1))/(3 - 4). Let m = 13 - r. Give l(m).
-4
Let b(g) = -2*g**2 + 4*g**2 - 3 + 2 + 0. Let m = 26 - 25. Give b(m).
1
Let z(m) be the first derivative of m**6/120 - 2*m**5/15 + 7*m**4/24 - 5*m**3/3 - 19*m**2/2 - 16. Let q(t) be the second derivative of z(t). Calculate q(7).
-10
Let d(z) = 19 + 147*z - 31 - 148*z. Calculate d(0).
-12
Let a = -11 + 11. Let v be -4*(-1)/2*1. Let c(d) = 0*d - 3 + v + 2 + d. Determine c(a).
1
Suppose -3*d - 23 = -4*o, 10*o - 6*o + 7 = -3*d. Let r(b) be the first derivative of b**4/4 + 4*b**3/3 - 3*b**2/2 + 3*b + 2. What is r(d)?
-7
Suppose -5*k = -4*k - 6. Let l be (0 + (-8)/(-12))*6. Let s(c) = 4*c - 3 + 1 - c**2 - l*c + 7*c. Determine s(k).
4
Let n(z) = 2 + 4*z - 1 + 0. Let h = -485 - -487. Give n(h).
9
Let r(d) = -2*d - 5. Let f(z) = -z - 3. Let k be 10/65 - (-186)/(-26). Let u(v) = k*f(v) + 5*r(v). What is u(-4)?
8
Let t(b) = -b - 5. Let l = 33 + -67. Let w = -29 - l. Give t(w).
-10
Let l(k) = k**2 + 7*k - 1. Suppose 0*z + 89 = -5*w - 3*z, 4*w + 5*z + 66 = 0. Let s = w + 11. What is l(s)?
7
Suppose 26 = -o + 23. Let q(b) = b - 11. Let l(t) = -13*t + 31. Let x(s) = 3*s - 8. Let g(j) = 2*l(j) + 9*x(j). Let z(m) = o*q(m) + 4*g(m). Give z(0).
-7
Let c = -7 - -8. Let j be (-3 - (-6 + 1))*3. Let x(k) = 8*k**2 + 1 - j*k**2 - k + k**2. Calculate x(c).
3
Suppose s = -5*l + 10 + 5, -3*s - 15 = -5*l. Let i(g) = -5*g**2 - 10*g - 3. Let a(z) = 17*z**2 + 35*z + 10. Let v(u) = -2*a(u) - 7*i(u). Give v(s).
1
Let j(d) = 13*d - d**2 - 12173 + 12173. Determine j(8).
40
Suppose 11*h - 25 = 6*h. Let o be (8/h)/(4/10). Suppose 0*g + g = 3*c - 3, o*g - 8 = 2*c. Let b(a) = 2*a**3 - 2*a**2 - 3*a + 2. Give b(c).
4
Let k(f) = -f**3 + 10*f**2 + f + 13. Let x = -58 - -68. Calculate k(x).
23
Let h(l) = -l - 1. Let u be 1 + (-1 - -1 - -14). Suppose 17*k - 6 = u*k. Suppose 4*x = 4*s, k*s = 4*x - 2 - 2. Give h(x).
-5
Suppose 94 + 166 = -52*r. Let a(j) = -j**2 - 4*j + 11. Give a(r).
6
Let o(h) = -5 - 3*h + 4 + 0 + 0 + 2. Let q = 0 - -2. Determine o(q).
-5
Let l(g) = 0*g - g**2 - 3*g + 34 + 0*g**2 - 33. Let n = -36 + 33. Determine l(n).
1
Let c(m) = m**2 - 6*m - 4 - 1 - 2*m**2. Let x(d) = d**2 - d. Let g(p) = -p**3 - 7*p - 5. Let j(v) = -g(v) + 2*x(v). Let w be j(-2). Calculate c(w).
0
Suppose -6*y + 44 = -34. Let d(j) = j - 19. Give d(y).
-6
Let m(b) = 7*b + 0*b + 4*b + 2. Let q(l) = -1567*l - 279. Let a(d) = -783*d - 140. Let i(k) = 7*a(k) - 3*q(k). Let r(n) = 2*i(n) + 143*m(n). What is r(1)?
13
Let d(n) = 4*n**3 + 17*n**2 + 7*n - 7. Let b(w) = 3*w**3 + 14*w**2 + 7*w - 7. Let r(j) = 5*b(j) - 4*d(j). What is r(5)?
-47
Let r(f) = -f**2 + 4*f - 3. Let g be (-3 - -1)*(-54)/36. Suppose 0 = u + a + 2, -2*u - g*u + 25 = -2*a. What is r(u)?
0
Let q(w) = -3*w + 7*w - 3*w. Let s(a) = 4*a - 7. Let z(k) = 23*k - 158. Let f be z(7). Let h(p) = f*q(p) - s(p). Give h(5).
2
Let f be (-3 + 0)/((-5)/(-5)). Let n(a) = -a**2 + 4*a + 3. Give n(f).
-18
Let j(l) be the first derivative of l**3/3 + 3*l**2 + 4*l + 344. Give j(-8).
20
Suppose -2*m = -8 - 0, 3*m + 8 = 4*g. Let w(p) = 4*p - p**2 + g*p + 0*p**2 - 18 + 14. Give w(6).
14
Let n(r) = -r - 3. Suppose -3*p = -5 - 4. Suppose 0 = -5*w + 2*d + 8 + 3, 11 = 2*w - p*d. Let y be 5 + w*3/3. What is n(y)?
-9
Let f(g) = -g**3 - 5*g**2 - 4*g - 7. Let i be f(-5). Let m be 37/i - 2/(-13). Let y be (2 + m)*(-4)/5. Let h(l) = -l**2 - 6*l - 1. What is h(y)?
7
Let b = -31 + 42. Let q(k) = -k - 10 - 1 - b + 5. Calculate q(-10).
-7
Let q(r) = 9*r**3 - 13*r**2 - 13*r + 3. Let j(n) = 2*n**3 - n**2 - n + 1. Let l(u) = -5*j(u) + q(u). What is l(-7)?
5
Let z(a) = -a**2 - 10*a + 3. Let b be z(-7). Let n(w) = -14 + b*w**3 - 48*w**3 - w**2 + 23*w**3. Give n(0).
-14
Let f(k) = 4*k - 3. Let h(c) = -c**3 + 6*c**2 - 7*c + 17. Let o be h(5). What is f(o)?
25
Let x(g) = -g - 3. Let o(y) = y**2 - 3*y + 8. Let w be o(6). Suppose w = -6*a + 188. Suppose 25*j = a*j. Calculate x(j).
-3
Let u(w) = w. Let s(d) = -d + 6. Let x be s(-6). Suppose 12 = -h + 3*h + 4*m, m - x = -5*h. Suppose -h*k - 4 = -3*k. Determine u(k).
4
Let w be (-16)/(-6) - (-6)/(-9). Let r(h) = 3*h + 5*h + h**3 - 3*h - 6*h**2 - w. Suppose 10*b - 35 = 15. Determine r(b).
-2
Let i(p) = -3*p - 23. Let f(n) = 4*n + 90. Let d be f(-24). What is i(d)?
-5
Let o(h) = 2*h**2 + 13*h - 7. Suppose 0 = -29*j - 6*j - 245. Determine o(j).
0
Let i(u) = -1 - 8 + 3 - u + 3. Let j = -128 + 122. Determine i(j).
3
Suppose 30*g + 0*g - 150 = 0. Let l(t) = t**3 - 7*t**2 + 10*t + 6. Determine l(g).
6
Suppose 0 = -5*v - 3*z + 5, z - 9 = 2*v - 22. Let i be (-219)/(-6) - (-6)/v. Let a(g) = -3*g**2 + 40 + 7*g - i + g**2. Calculate a(5).
-13
Let y(q) = -q**3 + 6*q**2 + 5*q + 7. Suppose -19 = -4*d - o, 55*d - 59*d = -3*o - 39. Calculate y(d).
37
Let r(v) = 12*v + 2*v**2 + 1 - 16*v**2 + 15*v**2. Calculate r(-12).
1
Let o(d) = -d**3 + 8*d**2 - 10*d - 4. Let m be o(4). Suppose 0 = -4*h + 2*q - m, 0 = -2*h - q - 0*q - 18. Let y(i) = -i**2 - 5*i + 8. What is y(h)?
-6
Let u be (-7)/(28/12) - (-29 + 14). Let w(z) = -z**2 + 13*z. Determine w(u).
12
Let l(g) = -3*g. Let v(h) = 9*h - 2. Let u(o) = -5*l(o) - 2*v(o). Determine u(5).
-11
Let b(j) = -7*j - 1. Let f be b(-1). Let s(v) be the first derivative of -v**3/3 + 4*v**2 - 7*v - 24. What is s(f)?
5
Let m(z) be the second derivative of z**3/6 - 3*z**2 + 2*z. Let r = -217 - -210. Give m(r).
-13
Let d(r) = 9*r - 2. Let t(f) = 4*f - 1. Let z(n) = -2*d(n) + 5*t(n). Determine z(-10).
-21
Let m(s) be the first derivative of -s**2/2 + 7*s - 8. What is m(7)?
0
Let g(w) be the second derivative of -w**4/12 + w**3/3 - 5*w**2/2 - w - 12. Give g(5).
-20
Let x be 174/12 + (-1)/(-2). Suppose 18*n = x*n - 18. Let s(k) = -k**2 - 5*k + 2. Determine s(n).
-4
Let v be (-18)/(-30) - (-236)/(-10). Let f = -20 - v. Let m(d) = -f*d**2 + d**3 - 14 + 0*d + 4*d + 11. Give m(2).
1
Let l = 96 - 101. Let c be 0 + (4 - (-40)/l). Let a(q) = -5*q - 1. Let m(s) = 4*s. Let z(h) = -5*a(h) - 6*m(h). Calculate z(c).
1
Let t(l) = 29*l**3 - 14*l**3 - 14*l**3 + 16*l**2 - 19*l - 23. Calculate t(-17).
11
Let d(l) be the first derivative of 0*l + 7 + 1/2*l**2 + 7/4*l**4 - 2/3*l**3. Determine d(1).
6
Let p(h) = h**2. Let g(t) = -5*t**2 + 5*t + 1. Suppose -4*i - 3*i - 21 = 0. Let k(s) = i*p(s) - g(s). Determine k(4).
11
Let v(t) = -5*t**2 + 1 + 10*t**2 + 2*t**3 - t**3. Let u(h) = -1 - 21*h**3 + h**2 + 1 + 15*h**3. Let g be u(1). Determine v(g).
1
Let i(x) = 5*x**2 + 7*x - 4. Let n(k) = k**2 - 3. Let f(r) = -i(r) + 4*n(r). Calculate f(-7).
-8
Let z(m) = -11*m + m + 4*m + 2 + 10*m. What is z(-2)?
-6
Let j(d) = 2*d - 10 - 7 + 8. Let i be j(7). Let b(g) = 6*g - 2. Let f(a) = -5*a + 1. Let v(w) = -4*b(w) - 5*f(w). Calculate v(i).
8
Let m(x) = -180 + 86 + 11*x**2 + x**3 + 96 - 9*x. What is m(-12)?
-34
Let y(c) = -5 + c**3 + 7*c + 4*c**2 + 10 + c**2 + 2*c**2. Suppose -i + 9 + 6 = 4*l, 0 = -4*l - 5*i - 5. Let a = l + -11. Calculate y(a).
-1
Suppose -k - 6 = -8. Let x(s) = -4*s + s + 3 + 8*s**k - 7*s**2 - s. Let z be x(4). Let m(t) = -3*t. Determine m(z).
-9
Let z(v) be the first derivative of -v**4/4 - 3*v**3 + 3*v - 82. What is z(-9)?
3
Let c(h) = -h + 2. Let n = -31 - -31. Suppose 5*d - 3*d = j + 8, n = 4*j - 2*d + 20. Give c(j).
6
Suppose 0 = 6*h - 2*h - 16. Suppose x = -h*x. Let b(s) = s - 10. Calculate b(x).
-10
Suppose 0*l + 6*l = 12. Let m be l - (-1 + 1 - -5). Let f(i) be the third derivative of -i**5/60 - 5*i**4/24 - i**3/2 - i**2. Determine f(m).
3
Let f(m) be the third derivative of -7*m**6/120 - 7*m**5/60 - m**4/24 + 3*m**3/2 - 21*m**2. Let n(s) = -s**3 - s**2 + 1. Let a(w) = f(w) - 6*n(w). Give a(0).
3
Let f(q) = 0 + 822*q + 2 - 818*q. Let d(a) = a + 2. Let l be d(0). What is f(l)?
10
L